s - n*s, -l = 2*s + 21. Give r(s).
29
Let n(q) = q + 5. Suppose 3*v - 131 = -5*g, g - 9 = -2*v + 13. Suppose 2*f + 0*y - 35 = 3*y, 2*f + 4*y - g = 0. Let d = f + -20. What is n(d)?
1
Let i(r) = 8*r**3 + 4*r**2 - 3. Let l(t) = -t**3 - t**2 + 1. Let a(n) = -i(n) - 4*l(n). Determine a(-1).
3
Let a be (-2)/(-2 + 18/8). Let q(m) = -7 + 1 - m**2 + 7 + 0*m**2 - 5*m + 4. Calculate q(a).
-19
Let d(h) be the third derivative of -h**6/120 - h**5/15 + h**4/8 + 7*h**3/6 + 2*h**2 - 28*h. Let n be 170/(-40) + 6/(-8). Determine d(n).
17
Let v(d) be the first derivative of -1 + 0*d**3 + 1/2*d**2 - 9/4*d**4 + 0*d. Suppose -5*j + 9 = 4. Calculate v(j).
-8
Let h(m) = 7*m + 12. Let a(r) = 12*r + 24. Let q(d) = 3*a(d) - 5*h(d). What is q(-5)?
7
Suppose 967 - 995 = -4*z. Let g(i) = i**3 - 7*i**2 + 4*i - 13. Determine g(z).
15
Let t = 4 + -10. Let r(n) = 3*n**3 + n**2 - n. Let b be r(1). Let h(o) = -5 + 5*o**2 - 1 - 2 - 8*o + o**b - o. Determine h(t).
10
Let p(v) = 9*v**3 - 3*v**2 - 9*v + 7. Let o(z) = 5*z**3 - 2*z**2 - 5*z + 4. Let k(s) = 11*o(s) - 6*p(s). Determine k(4).
-2
Let g(a) = -a**3 + 3*a**2 + a. Let z be g(3). Let y(h) = -39*h**2 - 18*h**2 + 7*h - 4 - 21*h**2 + 77*h**2. What is y(z)?
8
Let f(x) = -9*x + 4. Let k(j) = 18*j + 2*j - 5 + 3 - 5. Let y(m) = -9*f(m) - 4*k(m). Determine y(9).
1
Let l(d) = 50*d + 1. Let g(n) = 10*n + 259. Let j be g(-26). Determine l(j).
-49
Suppose 0 = 4*g + 6*g - 70. Let z be (-14)/4*(-6 - (-34)/g). Let r(w) = w**3 - 5*w**2 + 4*w - 5. Determine r(z).
-5
Let j(d) = d**2 + d + 21. Let s = 2177 + -2177. Give j(s).
21
Let v(z) = 4*z + 28. Suppose 3*t = 5*j - 16 - 20, j + 11 = -2*t. What is v(t)?
0
Let v(q) = q**3 - q - 7. Suppose -4 - 61 = -a. Let s = a + -65. Calculate v(s).
-7
Let h = -119 + 251. Let q = h + -134. Let f(k) = 3*k**3 + 3*k**2 + k - 2. Determine f(q).
-16
Let a(z) = 7*z + 1. Let s(g) = -36*g - 12. Let x(c) = 5*a(c) + s(c). Let p(q) = -q**3 + 5*q**2 - q + 5. Let u be p(5). Determine x(u).
-7
Let v(s) = -s + 7. Let a be ((-17)/34)/(1/(-6)). Suppose -3*j + 24 = 5*l, -l - 2*j + 4*j = a. Determine v(l).
4
Let r(w) be the third derivative of -w**4/24 - w**3/2 + w**2 - 257. Let v be (-2 + 1 - -2) + -6. Calculate r(v).
2
Suppose 0*i = -5*r + 4*i + 31, -3*r + i = -13. Let z(a) be the first derivative of 2*a**2 + a - 852. Determine z(r).
13
Let r(f) = 2649*f - 2648*f + 4 - 4. Let i(o) = -o**2 - 2*o + 1. Let c be i(-4). Let n = -12 - c. What is r(n)?
-5
Let k(j) = 10*j + 13. Let c be k(-3). Let f(d) = -d - 12. What is f(c)?
5
Let q(o) be the third derivative of -o**5/120 + 3*o**4/8 + o**3/3 - 22*o**2. Let d(u) be the first derivative of q(u). What is d(8)?
1
Suppose 0 = 2*z + 2, 3*t = t - z + 7. Suppose -1 = r - t. Let x(u) = 63*u**2 + 0 - u - 3 - 62*u**2. Determine x(r).
3
Let n(y) = -23*y + 74*y + 5 - 20*y - 24*y + y**2. What is n(-6)?
-1
Let h(v) = -4*v + 3. Let b = 16 - -1. Suppose 5*z + 32 - b = 0. Calculate h(z).
15
Suppose -6 = -2*a, 2*b - 37*a + 27 = -34*a. Let k(i) = -i**3 - 9*i**2 - 3*i - 22. Give k(b).
5
Let x be 27/(-45)*(-5)/3. Let p(l) = 23*l - 1. What is p(x)?
22
Let v(w) = -w**2 + 7*w - 6. Let j(a) = a**2 - 8*a + 14. Let h be j(6). Suppose h*n - 13 = y, 9*y - 4*y + 25 = 0. Calculate v(n).
6
Let z(w) = 3*w + 8. Let c be ((-1)/(-3))/((-7 + 6)/12). Give z(c).
-4
Let o(q) = q**3 - 6*q**2 + 2*q - 8. Let u be 6/8*(-7 + 10 - -5). What is o(u)?
4
Let p = -31 + 36. Let s(o) = 19 - 19 + p*o**2. What is s(-1)?
5
Let y(k) = 33*k - 131. Let w be y(4). Let u(s) = 26*s. Calculate u(w).
26
Let d(w) be the third derivative of -w**5/20 + 141*w**2 - 2*w. Suppose -2*t - t + 6 = 0. Calculate d(t).
-12
Let o be (9 - (10 + 8)) + 5. Let a(r) = -r**3 - 5*r**2 - 5*r - 5. What is a(o)?
-1
Suppose 8*c = 9*c - 3. Let r(n) = -9*n**2 + 9*n**2 - 4*n**c. Suppose -6*u = -2*u - 4. Give r(u).
-4
Let u(y) = 2*y + 2. Let j(f) = -9*f - 9. Let q(r) = j(r) + 5*u(r). Calculate q(7).
8
Let j be -3 + (-3 - -2)*-4. Let s be 3/(-4 + 8 - j). Let o(n) = -4*n**3 + n**2. Give o(s).
-3
Let s(f) be the first derivative of f**4/4 - 8*f**3/3 - 5*f**2 - f + 28. What is s(9)?
-10
Let t = -266 - -260. Let u(h) = -h - 3. Give u(t).
3
Let u(b) = b**3 + b**2 - 8*b - 5. Let t be u(-3). Let p(l) = 5*l**2. Determine p(t).
5
Let c(s) be the second derivative of -7*s**3/6 + 13*s**2/2 + 25*s - 2. Give c(2).
-1
Let l(g) = 5*g**2 - 10*g - 3. Let w(o) = -4*o**2 + 9*o + 3. Let z = 1 - -4. Suppose -y + z*y = 12. Let c(a) = y*l(a) + 4*w(a). Determine c(4).
11
Suppose -5*p + 23 = s, -4*s - p + 6*p - 33 = 0. Let k(g) = g**2 - 3*g - 1. Let t be k(4). Let v(u) = 3*u**3 + 2*u + 2*u**3 - 3*u**3 - 3*u**t. Determine v(s).
4
Let b(w) = 9*w**2 - 8 + 24 + 4 + 0*w - 2*w - 20*w**3 + 19*w**3. What is b(9)?
2
Let t(p) be the third derivative of p**6/720 + p**4/2 - 15*p**2. Let f(k) be the second derivative of t(k). Determine f(5).
5
Let r(g) be the first derivative of -10*g + 1/2*g**2 + 8. Give r(8).
-2
Let k(y) = -4*y - 10. Suppose 21*c - 7 = -238. What is k(c)?
34
Let i(z) = -z**2 + 4*z - 5. Let o = -42 - -78. Suppose 0 = 7*w + 2*w - o. What is i(w)?
-5
Let p = 27 + -67. Let q = p - -52. Let z = q + -15. Let n(d) = -5*d - 2. Give n(z).
13
Let q(o) be the second derivative of -o**4/24 - o**3 + o**2/2 - o. Let w(x) be the first derivative of q(x). Let k be -10 + 2 + (9 - 7). Calculate w(k).
0
Let r(w) = -w**2 + 5*w - 5. Let y(g) = -g**2 + 4*g + 3. Let c be y(4). Suppose -l - 3*p = -22, 6*l - c*l - p = 16. Let h be l/((-21)/(-24)) + -3. Give r(h).
-5
Let y(z) be the third derivative of z**5/20 + z**4/8 - 7*z**3/6 - 2*z**2. Let c(q) be the first derivative of y(q). Give c(-3).
-15
Let p(b) = -b**2 - 14*b - 14. Let f = 480 - 491. What is p(f)?
19
Let c(i) = i**3 - i**2 - 10. Let k be c(3). Let q be (5 - k)*2/3. Let r(f) = 3*f**2 + 4*f + 2. Calculate r(q).
6
Let q(u) = -4*u + 20. Suppose 53*o = -21*o + 666. Determine q(o).
-16
Let a(o) = o**2 + 12. Let z = 479 - 479. Give a(z).
12
Let p = -293 + 292. Let a(k) = -4*k + 1. Let s(j) = j. Let w(z) = a(z) - 6*s(z). Give w(p).
11
Let m(h) = 37*h**2. Suppose -2 = 2*g, 0 - 4 = -o + 5*g. What is m(o)?
37
Let l(m) be the third derivative of m**5/60 + 7*m**4/12 + m**3/3 - 100*m**2 + 3. Calculate l(-12).
-22
Let v = 89 - 132. Let l = v - -37. Let z(y) = y - 1. Give z(l).
-7
Let a(m) = 3*m + 26. Let x(h) = -4*h - 28. Let s(w) = 5*a(w) + 4*x(w). Give s(7).
11
Let n(s) = s**3 - 3*s**2 - 2*s + 3. Let r be n(2). Let y(d) be the third derivative of d**6/120 + d**5/12 - d**4/12 - d**3/6 - 388*d**2. Determine y(r).
9
Let x(v) be the third derivative of 2*v**4 - v**3/6 - 2*v**2 - 119. Give x(-1).
-49
Let a(r) be the third derivative of -r**5/60 + r**4/24 + r**2 - 192*r. What is a(-4)?
-20
Let h(f) = -f**2 + 8*f - 18. Let l(y) = -y**3 - 8*y**2 - 19*y - 15. Let o be l(-5). Calculate h(o).
-3
Let h(j) = -15*j + 11. Let n = 6 - 0. Let t(g) = -8*g + 6. Let m(l) = n*h(l) - 11*t(l). Suppose -55 = -7*x - 4*x. What is m(x)?
-10
Suppose -11*n = -7*n. Let g(j) be the second derivative of 7/12*j**4 + n + 0*j**3 + 3*j - 1/2*j**2. Determine g(-1).
6
Let n(j) be the third derivative of 1/24*j**4 + j**2 + 0 + 0*j + 0*j**3 - 7/60*j**5. Let t(c) = -c - 1. Let r be t(0). Calculate n(r).
-8
Let j(h) be the first derivative of h**4/4 - 10*h**3/3 + 4*h**2 + 8*h + 78. Suppose 45 = 3*a + 2*a. Determine j(a).
-1
Let v(k) be the second derivative of 0 - 1/6*k**3 - 2*k**2 - 11*k. Determine v(0).
-4
Let g(c) = c**2 + 5*c + 5. Suppose -4*a = 5*a - 1539. Let n be a/(-27) - (-8)/6. What is g(n)?
5
Let p be (-1)/(-4) + (-38)/(-8). Let u(j) = -j + 18. Let z be u(14). Let l(f) = -f**3 - p*f**2 - 8 - z + 11. Give l(-5).
-1
Let n(g) = -766*g + 767*g - 6*g**2 - 1 - 6 + g**3. Determine n(5).
-27
Let o be ((-3)/9)/(2/(-6)). Let q(s) = 1. Let i(j) = -j - 3. Let h(l) = o*i(l) + 6*q(l). What is h(3)?
0
Let w(m) = -2*m**2 - 16*m - 9. Let o = -294 + 287. Calculate w(o).
5
Suppose -311 = -l - 306. Let k(c) be the second derivative of 0 - 1/20*c**l - c**2 - 1/6*c**3 - c - 1/3*c**4. Give k(-4).
2
Let i(x) = 2*x**2 + 5*x - 2. Let w = -143 + 139. What is i(w)?
10
Let y(c) = -3*c + 6. Let l = 156 + -147. Calculate y(l).
-21
Let t(w) = 1302*w - 2600*w + 1304*w. What is t(5)?
30
Let s(u) = 6 - 47*u**2 + 3*u**3 - 3*u**3 + 42*u**2 - u**3. Let t(a) = -3*a**3 - 14*a**2 + a + 17. Let i(n) = 8*s(n) - 3*t(n). Determine i(-2).